{"id":6687,"date":"2018-12-19T13:32:35","date_gmt":"2018-12-19T12:32:35","guid":{"rendered":"https:\/\/dev.consellagrari.com\/clausula-informativa-para-recogida-de-datos\/"},"modified":"2024-02-20T12:02:11","modified_gmt":"2024-02-20T11:02:11","slug":"clausula-informativa-para-recogida-de-datos","status":"publish","type":"page","link":"https:\/\/valencia.consellagrari.com\/es\/clausula-informativa-para-recogida-de-datos\/","title":{"rendered":"Cla\u00fasula informativa para recogida de datos"},"content":{"rendered":"<h2>Primera Capa y Autorizaci\u00f3n<\/h2>\n<table style=\"width: 100%; max-width: 100%;\">\n<tbody>\n<tr>\n<th colspan=\"2\">Informaci\u00f3n b\u00e1sica sobre protecci\u00f3n de datos de car\u00e1cter personal<\/th>\n<\/tr>\n<tr>\n<td colspan=\"2\">En cumplimiento del Reglamento General de Protecci\u00f3n relaci\u00f3n a los datos de car\u00e1cter personal que va a proporcionar se informa al interesado de lo siguiente:<\/td>\n<\/tr>\n<tr>\n<td>Responsable<\/td>\n<td>CONSELL AGRARI MUNICIPAL DE VAL\u00c8NCIA -AJUNTAMENT DE VAL\u00c8NCIA- (<a href=\"#mes-info-1\">+ info<\/a>)<\/td>\n<\/tr>\n<tr>\n<td>Finalidades<\/td>\n<td>Gesti\u00f3n y suscripci\u00f3n al bolet\u00edn (<a href=\"#mes-info-2\">+ info<\/a>)<\/td>\n<\/tr>\n<tr>\n<td>Legitimaci\u00f3n<\/td>\n<td>Consentimiento del interesado (<a href=\"#mes-info-3\">+ info<\/a>)<\/td>\n<\/tr>\n<tr>\n<td>Cesiones<\/td>\n<td>Respecto del contacto y la consulta no habr\u00e1 cesiones. (<a href=\"#mes-info-4\">+ info<\/a>)<\/td>\n<\/tr>\n<tr>\n<td>Derechos<\/td>\n<td>Acceder, Rectificar y suprimir los datos, solicitar la portabilidad de los mismos, oponerse al tratamiento y solicitar la limitaci\u00f3n de \u00e9ste. (<a href=\"#mes-info-5\">+ info<\/a>)<\/td>\n<\/tr>\n<\/tbody>\n<\/table>\n<h2 id=\"mes-info-1\">Segunda Capa<\/h2>\n<table style=\"width: 100%; max-width: 100%;\">\n<tbody>\n<tr>\n<th colspan=\"2\">\u00bfQui\u00e9n es el Responsable del tratamiento de sus datos?<\/th>\n<\/tr>\n<tr>\n<td>Identidad<\/td>\n<td>CONSELL AGRARI MUNICIPAL DE VAL\u00c8NCIA -AJUNTAMENT DE VAL\u00c8NCIA-<\/td>\n<\/tr>\n<tr>\n<td>Direcci\u00f3n Postal<\/td>\n<td>C\/ Guillem de Castro, n\u00ba51- 4 de Val\u00e8ncia (46007)<\/td>\n<\/tr>\n<tr>\n<td>Correo Electr\u00f3nico<\/td>\n<td>consellagrari@valencia.es<\/td>\n<\/tr>\n<tr>\n<td>Tel\u00e9fono<\/td>\n<td>963516895<\/td>\n<\/tr>\n<tr>\n<td>CIF<\/td>\n<td>P9690001D<\/td>\n<\/tr>\n<tr>\n<td>P\u00e1gina web<\/td>\n<td>valencia.consellagrari.com<\/td>\n<\/tr>\n<\/tbody>\n<\/table>\n<h2 id=\"mes-info-2\">Finalidades<\/h2>\n<table style=\"width: 100%; max-width: 100%;\">\n<tbody>\n<tr>\n<td style=\"text-align: center;\"><strong>\u00bfCon qu\u00e9 finalidad tratamos sus datos? <\/strong><\/td>\n<\/tr>\n<tr>\n<td style=\"text-align: left;\">Para atender tu solicitud de informaci\u00f3n.<\/td>\n<\/tr>\n<tr>\n<td style=\"text-align: center;\"><strong>\u00bfCu\u00e1nto tiempo conservamos sus datos? <\/strong><\/td>\n<\/tr>\n<tr>\n<td style=\"text-align: left;\">Los datos personales proporcionados se conservar\u00e1n mientras se necesiten para gestionar el contacto, la consulta o el encargo que nos haga.<\/td>\n<\/tr>\n<\/tbody>\n<\/table>\n<h2 id=\"mes-info-3\">Legitimaci\u00f3n<\/h2>\n<table style=\"width: 100%; max-width: 100%; height: 96px;\">\n<tbody>\n<tr style=\"height: 24px;\">\n<td style=\"text-align: center; height: 24px;\"><strong>Legitimaci\u00f3n <\/strong><\/td>\n<\/tr>\n<tr style=\"height: 72px;\">\n<td style=\"height: 72px;\">La Legitimaci\u00f3n del tratamiento de sus datos es el consentimiento que presta enviando el correo electr\u00f3nico en el bolet\u00edn de consulta.<br \/>\nSi se produce encargo profesional, la legitimaci\u00f3n del tratamiento ser\u00e1 la relaci\u00f3n contractual que se establezca con y el cumplimiento de las obligaciones profesionales y legales derivadas del mismo.<\/td>\n<\/tr>\n<\/tbody>\n<\/table>\n<h2 id=\"mes-info-4\">Cesiones<\/h2>\n<table style=\"width: 100%; max-width: 100%;\">\n<tbody>\n<tr>\n<td style=\"text-align: center;\"><strong>\u00bfA qu\u00e9 destinatarios se comunicar\u00e1n sus datos? <\/strong><\/td>\n<\/tr>\n<tr>\n<td style=\"text-align: left;\">Los datos derivados del contacto o la consulta no ser\u00e1n comunicados a terceros.<\/td>\n<\/tr>\n<\/tbody>\n<\/table>\n<h2 id=\"mes-info-5\">Derechos<\/h2>\n<table style=\"width: 100%; max-width: 100%;\">\n<tbody>\n<tr>\n<th>\u00bfCu\u00e1les son sus derechos?<\/th>\n<\/tr>\n<tr>\n<td>Cualquier persona tiene derecho a obtener confirmaci\u00f3n sobre si tratamos datos personales que le conciernen, o no. Las personas interesadas tienen derecho a acceder a sus datos personales y a obtener copia de los datos personales objeto del tratamiento, a actualizarlos, as\u00ed como a solicitar la rectificaci\u00f3n de los datos inexactos o, en su caso, solicitar su supresi\u00f3n cuando, entre otros motivos, los datos ya no sean necesarios para los fines para los que fueron recogidos.<br \/>\nEn determinadas circunstancias previstas en el art\u00edculo 18 RGPD, los interesados podr\u00e1n solicitar la limitaci\u00f3n del tratamiento de sus datos, en cuyo caso \u00fanicamente los conservaremos para el ejercicio del encargo.<br \/>\nComo consecuencia de la aplicaci\u00f3n del derecho a la supresi\u00f3n u oposici\u00f3n al tratamiento de datos personales en el entorno on-line los interesados tiene el derecho al olvido seg\u00fan la jurisprudencia del Tribunal de Justicia de la UE.<br \/>\nLos interesados podr\u00e1n oponerse al tratamiento de sus datos.<\/td>\n<\/tr>\n<\/tbody>\n<\/table>\n<table style=\"width: 100%; max-width: 100%;\">\n<tbody>\n<tr>\n<th>\u00bfC\u00f3mo se pueden ejercer los derechos?<\/th>\n<\/tr>\n<tr>\n<td>\n<ul>\n<li>Mediante un escrito dirigido a: C\/ Guillem de Castro, n\u00ba51- 4 de Val\u00e8ncia (46007)<\/li>\n<li>Mediante un correo electr\u00f3nico dirigido a: consellagrari@valencia.es<\/li>\n<\/ul>\n<\/td>\n<\/tr>\n<\/tbody>\n<\/table>\n<table style=\"width: 100%; max-width: 100%;\">\n<tbody>\n<tr>\n<th>\u00bfQu\u00e9 v\u00edas de reclamaci\u00f3n existen?<\/th>\n<\/tr>\n<tr>\n<td>Si considera que sus derechos no se han atendido debidamente, tiene derecho a presentar una reclamaci\u00f3n ante la Agencia Espa\u00f1ola de Protecci\u00f3n de datos, cuyos datos de contacto son:<br \/>\n<strong>Tel\u00e9fonos<\/strong>: 901 100 099 \/ 91.266.35.17<br \/>\n<strong>Direcci\u00f3n Postal<\/strong>: C\/Jorge Juan, n\u00ba 6, CP: 28001 Madrid.<br \/>\n<strong>Sede Electr\u00f3nica<\/strong>: https:\/\/sedeagpd.es\/sede-electronica-web\/<br \/>\n<strong>P\u00e1gina Web<\/strong>: www.agpd.es<\/td>\n<\/tr>\n<\/tbody>\n<\/table>\n<table style=\"width: 100%; max-width: 100%;\">\n<tbody>\n<tr>\n<th>\u00bfQu\u00e9 categor\u00edas de datos puede tratar el Responsable?<\/th>\n<\/tr>\n<tr>\n<td>La entidad tratar\u00e1 los datos que nos suministre, que, dada la amplitud que pueden tener las consultas, pueden ser datos de las siguientes categor\u00edas:<\/p>\n<ul>\n<li>Datos de car\u00e1cter identificativo<\/li>\n<li>Datos de contacto<\/li>\n<\/ul>\n<\/td>\n<\/tr>\n<\/tbody>\n<\/table>\n","protected":false},"excerpt":{"rendered":"<p>Primera Capa y Autorizaci\u00f3n Informaci\u00f3n b\u00e1sica sobre protecci\u00f3n de datos de car\u00e1cter personal En cumplimiento del Reglamento General de Protecci\u00f3n relaci\u00f3n a los datos de car\u00e1cter personal que va a proporcionar se informa al interesado de lo siguiente: Responsable CONSELL AGRARI MUNICIPAL DE VAL\u00c8NCIA -AJUNTAMENT DE VAL\u00c8NCIA- (+ info) Finalidades Gesti\u00f3n y suscripci\u00f3n al bolet\u00edn&hellip;<\/p>\n","protected":false},"author":7,"featured_media":0,"parent":0,"menu_order":0,"comment_status":"closed","ping_status":"closed","template":"","meta":{"footnotes":""},"_links":{"self":[{"href":"https:\/\/valencia.consellagrari.com\/es\/wp-json\/wp\/v2\/pages\/6687"}],"collection":[{"href":"https:\/\/valencia.consellagrari.com\/es\/wp-json\/wp\/v2\/pages"}],"about":[{"href":"https:\/\/valencia.consellagrari.com\/es\/wp-json\/wp\/v2\/types\/page"}],"author":[{"embeddable":true,"href":"https:\/\/valencia.consellagrari.com\/es\/wp-json\/wp\/v2\/users\/7"}],"replies":[{"embeddable":true,"href":"https:\/\/valencia.consellagrari.com\/es\/wp-json\/wp\/v2\/comments?post=6687"}],"version-history":[{"count":1,"href":"https:\/\/valencia.consellagrari.com\/es\/wp-json\/wp\/v2\/pages\/6687\/revisions"}],"predecessor-version":[{"id":8996,"href":"https:\/\/valencia.consellagrari.com\/es\/wp-json\/wp\/v2\/pages\/6687\/revisions\/8996"}],"wp:attachment":[{"href":"https:\/\/valencia.consellagrari.com\/es\/wp-json\/wp\/v2\/media?parent=6687"}],"curies":[{"name":"wp","href":"https:\/\/api.w.org\/{rel}","templated":true}]}}

Claúsula informativa para recogida de datos

<h2>Primera Capa y Autorización</h2>
<table style="width: 100%; max-width: 100%;">
<tbody>
<tr>
<th colspan="2">Información básica sobre protección de datos de carácter personal</th>
</tr>
<tr>
<td colspan="2">En cumplimiento del Reglamento General de Protección relación a los datos de carácter personal que va a proporcionar se informa al interesado de lo siguiente:</td>
</tr>
<tr>
<td>Responsable</td>
<td>CONSELL AGRARI MUNICIPAL DE VALÈNCIA -AJUNTAMENT DE VALÈNCIA- (<a href="#mes-info-1">+ info</a>)</td>
</tr>
<tr>
<td>Finalidades</td>
<td>Gestión y suscripción al boletín (<a href="#mes-info-2">+ info</a>)</td>
</tr>
<tr>
<td>Legitimación</td>
<td>Consentimiento del interesado (<a href="#mes-info-3">+ info</a>)</td>
</tr>
<tr>
<td>Cesiones</td>
<td>Respecto del contacto y la consulta no habrá cesiones. (<a href="#mes-info-4">+ info</a>)</td>
</tr>
<tr>
<td>Derechos</td>
<td>Acceder, Rectificar y suprimir los datos, solicitar la portabilidad de los mismos, oponerse al tratamiento y solicitar la limitación de éste. (<a href="#mes-info-5">+ info</a>)</td>
</tr>
</tbody>
</table>
<h2 id="mes-info-1">Segunda Capa</h2>
<table style="width: 100%; max-width: 100%;">
<tbody>
<tr>
<th colspan="2">¿Quién es el Responsable del tratamiento de sus datos?</th>
</tr>
<tr>
<td>Identidad</td>
<td>CONSELL AGRARI MUNICIPAL DE VALÈNCIA -AJUNTAMENT DE VALÈNCIA-</td>
</tr>
<tr>
<td>Dirección Postal</td>
<td>C/ Guillem de Castro, nº51- 4 de València (46007)</td>
</tr>
<tr>
<td>Correo Electrónico</td>
<td>consellagrari@valencia.es</td>
</tr>
<tr>
<td>Teléfono</td>
<td>963516895</td>
</tr>
<tr>
<td>CIF</td>
<td>P9690001D</td>
</tr>
<tr>
<td>Página web</td>
<td>valencia.consellagrari.com</td>
</tr>
</tbody>
</table>
<h2 id="mes-info-2">Finalidades</h2>
<table style="width: 100%; max-width: 100%;">
<tbody>
<tr>
<td style="text-align: center;"><strong>¿Con qué finalidad tratamos sus datos? </strong></td>
</tr>
<tr>
<td style="text-align: left;">Para atender tu solicitud de información.</td>
</tr>
<tr>
<td style="text-align: center;"><strong>¿Cuánto tiempo conservamos sus datos? </strong></td>
</tr>
<tr>
<td style="text-align: left;">Los datos personales proporcionados se conservarán mientras se necesiten para gestionar el contacto, la consulta o el encargo que nos haga.</td>
</tr>
</tbody>
</table>
<h2 id="mes-info-3">Legitimación</h2>
<table style="width: 100%; max-width: 100%; height: 96px;">
<tbody>
<tr style="height: 24px;">
<td style="text-align: center; height: 24px;"><strong>Legitimación </strong></td>
</tr>
<tr style="height: 72px;">
<td style="height: 72px;">La Legitimación del tratamiento de sus datos es el consentimiento que presta enviando el correo electrónico en el boletín de consulta.<br />
Si se produce encargo profesional, la legitimación del tratamiento será la relación contractual que se establezca con y el cumplimiento de las obligaciones profesionales y legales derivadas del mismo.</td>
</tr>
</tbody>
</table>
<h2 id="mes-info-4">Cesiones</h2>
<table style="width: 100%; max-width: 100%;">
<tbody>
<tr>
<td style="text-align: center;"><strong>¿A qué destinatarios se comunicarán sus datos? </strong></td>
</tr>
<tr>
<td style="text-align: left;">Los datos derivados del contacto o la consulta no serán comunicados a terceros.</td>
</tr>
</tbody>
</table>
<h2 id="mes-info-5">Derechos</h2>
<table style="width: 100%; max-width: 100%;">
<tbody>
<tr>
<th>¿Cuáles son sus derechos?</th>
</tr>
<tr>
<td>Cualquier persona tiene derecho a obtener confirmación sobre si tratamos datos personales que le conciernen, o no. Las personas interesadas tienen derecho a acceder a sus datos personales y a obtener copia de los datos personales objeto del tratamiento, a actualizarlos, así como a solicitar la rectificación de los datos inexactos o, en su caso, solicitar su supresión cuando, entre otros motivos, los datos ya no sean necesarios para los fines para los que fueron recogidos.<br />
En determinadas circunstancias previstas en el artículo 18 RGPD, los interesados podrán solicitar la limitación del tratamiento de sus datos, en cuyo caso únicamente los conservaremos para el ejercicio del encargo.<br />
Como consecuencia de la aplicación del derecho a la supresión u oposición al tratamiento de datos personales en el entorno on-line los interesados tiene el derecho al olvido según la jurisprudencia del Tribunal de Justicia de la UE.<br />
Los interesados podrán oponerse al tratamiento de sus datos.</td>
</tr>
</tbody>
</table>
<table style="width: 100%; max-width: 100%;">
<tbody>
<tr>
<th>¿Cómo se pueden ejercer los derechos?</th>
</tr>
<tr>
<td>
<ul>
<li>Mediante un escrito dirigido a: C/ Guillem de Castro, nº51- 4 de València (46007)</li>
<li>Mediante un correo electrónico dirigido a: consellagrari@valencia.es</li>
</ul>
</td>
</tr>
</tbody>
</table>
<table style="width: 100%; max-width: 100%;">
<tbody>
<tr>
<th>¿Qué vías de reclamación existen?</th>
</tr>
<tr>
<td>Si considera que sus derechos no se han atendido debidamente, tiene derecho a presentar una reclamación ante la Agencia Española de Protección de datos, cuyos datos de contacto son:<br />
<strong>Teléfonos</strong>: 901 100 099 / 91.266.35.17<br />
<strong>Dirección Postal</strong>: C/Jorge Juan, nº 6, CP: 28001 Madrid.<br />
<strong>Sede Electrónica</strong>: https://sedeagpd.es/sede-electronica-web/<br />
<strong>Página Web</strong>: www.agpd.es</td>
</tr>
</tbody>
</table>
<table style="width: 100%; max-width: 100%;">
<tbody>
<tr>
<th>¿Qué categorías de datos puede tratar el Responsable?</th>
</tr>
<tr>
<td>La entidad tratará los datos que nos suministre, que, dada la amplitud que pueden tener las consultas, pueden ser datos de las siguientes categorías:</p>
<ul>
<li>Datos de carácter identificativo</li>
<li>Datos de contacto</li>
</ul>
</td>
</tr>
</tbody>
</table>

<p>Primera Capa y Autorización Información básica sobre protección de datos de carácter personal En cumplimiento del Reglamento General de Protección relación a los datos de carácter personal que va a proporcionar se informa al interesado de lo siguiente: Responsable CONSELL AGRARI MUNICIPAL DE VALÈNCIA -AJUNTAMENT DE VALÈNCIA- (+ info) Finalidades Gestión y suscripción al boletín&hellip;</p>
