{"id":6774,"date":"2016-10-26T10:18:55","date_gmt":"2016-10-26T08:18:55","guid":{"rendered":"https:\/\/dev.consellagrari.com\/serveis-agraris\/huertos-urbanos-de-sociopolis\/"},"modified":"2022-02-16T11:16:22","modified_gmt":"2022-02-16T10:16:22","slug":"huertos-urbanos-de-sociopolis","status":"publish","type":"page","link":"https:\/\/valencia.consellagrari.com\/es\/servicios\/servicios-agrarios\/huertos-urbanos-de-sociopolis\/","title":{"rendered":"Gesti\u00f3n de los Huertos Urbanos del Parque de la Torre (Soci\u00f3polis)"},"content":{"rendered":"<div class=\"wpb-content-wrapper\"><p>[vc_row][vc_column][\/vc_column][\/vc_row][vc_row el_class=\u00bbpage-center\u00bb][vc_column][vc_single_image source=\u00bbfeatured_image\u00bb img_size=\u00bblarge\u00bb alignment=\u00bbcenter\u00bb][vc_column_text]Mediante acuerdo de la Junta de Gobierno Local de la ciudad de Val\u00e8ncia de fecha 9 de marzo de 2012, se encomend\u00f3 al Consell Agrari Municipal la gesti\u00f3n de los huertos urbanos ubicados en el interior del Parque Urbano de La Torre conocido como Soci\u00f3polis.<\/p>\n<ol>\n<li>Los objetivos que se persiguen con los Huertos Urbanos de Soci\u00f3polis son los siguientes:<br \/>\nConservaci\u00f3n de superficie de huerta en el t\u00e9rmino municipal de Val\u00e8ncia.<\/li>\n<li>Ofrecer un espacio de esparcimiento, contacto con la naturaleza y actividad rural al vecindario de Val\u00e8ncia.<\/li>\n<li>Fomentar la participaci\u00f3n ciudadana en el mantenimiento de la actividad agr\u00edcola y los cultivos aut\u00f3ctonos.<\/li>\n<li>Generar espacios de biodiversidad y mejora del paisaje urbano.<\/li>\n<li>Promover buenas pr\u00e1cticas ambientales de cultivo: gesti\u00f3n de los residuos, ahorro de agua, recuperaci\u00f3n de usos y costumbres de la agricultura tradicional, etc.<\/li>\n<li>Potenciar el car\u00e1cter educativo y l\u00fadico de los huertos.<\/li>\n<li>Establecer y valorar las relaciones entre el medio natural y rural y las actividades vecinales de Val\u00e8ncia, inmersas en un medio urbano.<\/li>\n<li>Promover una alimentaci\u00f3n sana y h\u00e1bitos de vida saludables.<\/li>\n<li>Impulsar un mayor conocimiento y respeto por el medio ambiente.<\/li>\n<\/ol>\n<p>[\/vc_column_text][vc_row_inner][vc_column_inner][vc_btn title=\u00bbBlog del proyecto\u00bb style=\u00bbcustom\u00bb custom_background=\u00bb#000000&#8243; custom_text=\u00bb#ffffff\u00bb shape=\u00bbsquare\u00bb size=\u00bblg\u00bb align=\u00bbcenter\u00bb link=\u00bburl:https%3A%2F%2Fvalencia.consellagrari.com%2Fhortsurbanslatorre%2F|target:_blank|rel:nofollow\u00bb][vc_single_image image=\u00bb6179&#8243; img_size=\u00bbmedium\u00bb alignment=\u00bbcenter\u00bb style=\u00bbvc_box_shadow_circle_2&#8243; onclick=\u00bbcustom_link\u00bb img_link_target=\u00bb_blank\u00bb link=\u00bbhttps:\/\/valencia.consellagrari.com\/hortsurbanslatorre\/\u00bb][\/vc_column_inner][\/vc_row_inner][\/vc_column][\/vc_row]<\/p>\n<\/div>","protected":false},"excerpt":{"rendered":"<p>[vc_row][vc_column][\/vc_column][\/vc_row][vc_row el_class=\u00bbpage-center\u00bb][vc_column][vc_single_image source=\u00bbfeatured_image\u00bb img_size=\u00bblarge\u00bb alignment=\u00bbcenter\u00bb][vc_column_text]Mediante acuerdo de la Junta de Gobierno Local de la ciudad de Val\u00e8ncia de fecha 9 de marzo de 2012, se encomend\u00f3 al Consell Agrari Municipal la gesti\u00f3n de los huertos urbanos ubicados en el interior del Parque Urbano de La Torre conocido como Soci\u00f3polis. Los objetivos que se persiguen con&hellip;<\/p>\n","protected":false},"author":7,"featured_media":5707,"parent":6760,"menu_order":6,"comment_status":"closed","ping_status":"closed","template":"","meta":{"footnotes":""},"_links":{"self":[{"href":"https:\/\/valencia.consellagrari.com\/es\/wp-json\/wp\/v2\/pages\/6774"}],"collection":[{"href":"https:\/\/valencia.consellagrari.com\/es\/wp-json\/wp\/v2\/pages"}],"about":[{"href":"https:\/\/valencia.consellagrari.com\/es\/wp-json\/wp\/v2\/types\/page"}],"author":[{"embeddable":true,"href":"https:\/\/valencia.consellagrari.com\/es\/wp-json\/wp\/v2\/users\/7"}],"replies":[{"embeddable":true,"href":"https:\/\/valencia.consellagrari.com\/es\/wp-json\/wp\/v2\/comments?post=6774"}],"version-history":[{"count":0,"href":"https:\/\/valencia.consellagrari.com\/es\/wp-json\/wp\/v2\/pages\/6774\/revisions"}],"up":[{"embeddable":true,"href":"https:\/\/valencia.consellagrari.com\/es\/wp-json\/wp\/v2\/pages\/6760"}],"wp:featuredmedia":[{"embeddable":true,"href":"https:\/\/valencia.consellagrari.com\/es\/wp-json\/wp\/v2\/media\/5707"}],"wp:attachment":[{"href":"https:\/\/valencia.consellagrari.com\/es\/wp-json\/wp\/v2\/media?parent=6774"}],"curies":[{"name":"wp","href":"https:\/\/api.w.org\/{rel}","templated":true}]}}

Gestión de los Huertos Urbanos del Parque de la Torre (Sociópolis)

<div class="wpb-content-wrapper"><p>[vc_row][vc_column][/vc_column][/vc_row][vc_row el_class=»page-center»][vc_column][vc_single_image source=»featured_image» img_size=»large» alignment=»center»][vc_column_text]Mediante acuerdo de la Junta de Gobierno Local de la ciudad de València de fecha 9 de marzo de 2012, se encomendó al Consell Agrari Municipal la gestión de los huertos urbanos ubicados en el interior del Parque Urbano de La Torre conocido como Sociópolis.</p>
<ol>
<li>Los objetivos que se persiguen con los Huertos Urbanos de Sociópolis son los siguientes:<br />
Conservación de superficie de huerta en el término municipal de València.</li>
<li>Ofrecer un espacio de esparcimiento, contacto con la naturaleza y actividad rural al vecindario de València.</li>
<li>Fomentar la participación ciudadana en el mantenimiento de la actividad agrícola y los cultivos autóctonos.</li>
<li>Generar espacios de biodiversidad y mejora del paisaje urbano.</li>
<li>Promover buenas prácticas ambientales de cultivo: gestión de los residuos, ahorro de agua, recuperación de usos y costumbres de la agricultura tradicional, etc.</li>
<li>Potenciar el carácter educativo y lúdico de los huertos.</li>
<li>Establecer y valorar las relaciones entre el medio natural y rural y las actividades vecinales de València, inmersas en un medio urbano.</li>
<li>Promover una alimentación sana y hábitos de vida saludables.</li>
<li>Impulsar un mayor conocimiento y respeto por el medio ambiente.</li>
</ol>
<p>[/vc_column_text][vc_row_inner][vc_column_inner][vc_btn title=»Blog del proyecto» style=»custom» custom_background=»#000000&#8243; custom_text=»#ffffff» shape=»square» size=»lg» align=»center» link=»url:https%3A%2F%2Fvalencia.consellagrari.com%2Fhortsurbanslatorre%2F|target:_blank|rel:nofollow»][vc_single_image image=»6179&#8243; img_size=»medium» alignment=»center» style=»vc_box_shadow_circle_2&#8243; onclick=»custom_link» img_link_target=»_blank» link=»https://valencia.consellagrari.com/hortsurbanslatorre/»][/vc_column_inner][/vc_row_inner][/vc_column][/vc_row]</p>
</div>

<p>[vc_row][vc_column][/vc_column][/vc_row][vc_row el_class=»page-center»][vc_column][vc_single_image source=»featured_image» img_size=»large» alignment=»center»][vc_column_text]Mediante acuerdo de la Junta de Gobierno Local de la ciudad de València de fecha 9 de marzo de 2012, se encomendó al Consell Agrari Municipal la gestión de los huertos urbanos ubicados en el interior del Parque Urbano de La Torre conocido como Sociópolis. Los objetivos que se persiguen con&hellip;</p>
