{"id":105,"date":"2018-02-26T10:38:54","date_gmt":"2018-02-26T10:38:54","guid":{"rendered":"https:\/\/hortasociopolis.wordpress.com\/?page_id=105"},"modified":"2018-07-26T18:26:26","modified_gmt":"2018-07-26T16:26:26","slug":"presencial","status":"publish","type":"page","link":"https:\/\/valencia.consellagrari.com\/hortsurbanslatorre\/presencial\/","title":{"rendered":"Presencial"},"content":{"rendered":"<p>Actualment l&#8217;horari d&#8217;assessorament presencial al parc \u00e9s el seg\u00fcent:<br \/>\nDimarts i divendres de 9:00 a 13:00 h<br \/>\n(durant els mesos d&#8217;estiu aquest horari podr\u00e0 avan\u00e7ar-se de 8:00 a 12:00 per evitar les hores de m\u00e9s calor).<\/p>\n<p>Durant aquest horari un membre de l&#8217;Associaci\u00f3 Sembra en Sa\u00f3 estar\u00e0 disponible al parc per resoldre qualsevol dubte relacionat amb l&#8217;agricultura ecol\u00f2gica i altres q\u00fcestions relacionades amb el funcionament del parc.<\/p>\n","protected":false},"excerpt":{"rendered":"<p>Actualment l&#8217;horari d&#8217;assessorament presencial al parc \u00e9s el seg\u00fcent: Dimarts i divendres de 9:00 a 13:00 h (durant els mesos d&#8217;estiu aquest horari podr\u00e0 avan\u00e7ar-se de 8:00 a 12:00 per evitar les hores de m\u00e9s calor). Durant aquest horari un membre de l&#8217;Associaci\u00f3 Sembra en Sa\u00f3 estar\u00e0 disponible al parc per resoldre qualsevol dubte relacionat &hellip; <\/p>\n<p class=\"read-more\"><a class=\"readmore-btn\" href=\"https:\/\/valencia.consellagrari.com\/hortsurbanslatorre\/presencial\/\">+<span class=\"screen-reader-text\">  Read More<\/span><\/a><\/p>\n","protected":false},"author":1,"featured_media":0,"parent":0,"menu_order":0,"comment_status":"closed","ping_status":"closed","template":"","meta":[],"_links":{"self":[{"href":"https:\/\/valencia.consellagrari.com\/hortsurbanslatorre\/wp-json\/wp\/v2\/pages\/105"}],"collection":[{"href":"https:\/\/valencia.consellagrari.com\/hortsurbanslatorre\/wp-json\/wp\/v2\/pages"}],"about":[{"href":"https:\/\/valencia.consellagrari.com\/hortsurbanslatorre\/wp-json\/wp\/v2\/types\/page"}],"author":[{"embeddable":true,"href":"https:\/\/valencia.consellagrari.com\/hortsurbanslatorre\/wp-json\/wp\/v2\/users\/1"}],"replies":[{"embeddable":true,"href":"https:\/\/valencia.consellagrari.com\/hortsurbanslatorre\/wp-json\/wp\/v2\/comments?post=105"}],"version-history":[{"count":3,"href":"https:\/\/valencia.consellagrari.com\/hortsurbanslatorre\/wp-json\/wp\/v2\/pages\/105\/revisions"}],"predecessor-version":[{"id":445,"href":"https:\/\/valencia.consellagrari.com\/hortsurbanslatorre\/wp-json\/wp\/v2\/pages\/105\/revisions\/445"}],"wp:attachment":[{"href":"https:\/\/valencia.consellagrari.com\/hortsurbanslatorre\/wp-json\/wp\/v2\/media?parent=105"}],"curies":[{"name":"wp","href":"https:\/\/api.w.org\/{rel}","templated":true}]}}